5*p + 3*t + 823. Calculate the remainder when p is divided by 34.
31
Let f(a) = 33*a**2 - 32*a - 31. Calculate the remainder when f(-1) is divided by 12.
10
Let p(l) be the first derivative of l**2 + 10*l + 8. What is the remainder when p(3) is divided by 12?
4
Let k = 21 + 4. Let v(o) = -o + 16. Let u be v(0). Let q = -9 + u. Calculate the remainder when k is divided by q.
4
Suppose -5*z + 151 + 19 = l, 0 = -z - 5*l + 10. Calculate the remainder when 118 is divided by z.
13
Calculate the remainder when 64 is divided by 19*1 - (-24 - -21).
20
Let z = 31 - 1. Calculate the remainder when 119 is divided by z.
29
Suppose 55*y - 1433 = 10062. What is the remainder when y is divided by 44?
33
Suppose i = 4*i - 195. Calculate the remainder when i is divided by (221/(-78))/((-3)/36).
31
Let q = 45 + -42. Suppose -g + 49 = q*x, -2*g - 3*x = 2*g - 214. Calculate the remainder when g is divided by 14.
13
Let m(t) = t + 9. Let a be m(-5). Let i be a/(-10)*1*-5. Calculate the remainder when 2 is divided by 0 - (-1 + -2 + i).
0
Let c(o) = 8*o**2 - 2*o + 1. Let n be c(1). Suppose 2865 = -2*i + n*i. What is the remainder when 9/(-12) + i/12 is divided by 16?
15
Suppose -3*n - 342 = -3*c, -4*n = 5*c - 3*c - 258. Calculate the remainder when c is divided by 11.
9
Suppose 0 = 5*a + 2*x - 722, -5*x = 5*a - 756 + 46. Let k = -86 + a. Calculate the remainder when k is divided by 31.
29
Let d(s) = 2*s**2 - 40*s - 25. Calculate the remainder when d(36) is divided by 8.
7
Let l = -535 + 1091. Calculate the remainder when l is divided by 62.
60
Let q(p) = 2*p**2 + 2*p + 2. Suppose -4*f + 3*z = -80 - 5, 25 = 5*z. What is the remainder when f is divided by q(-3)?
11
Calculate the remainder when 63 is divided by (-81)/(-6)*(-7 + (-232)/(-24)).
27
Let v = 50 - -6. Suppose -m - v = -5*m. What is the remainder when 25 is divided by m?
11
Suppose -5*i - 24*p + 401 = -27*p, -2*i + 156 = p. Calculate the remainder when i is divided by 27.
25
What is the remainder when (-425)/(-2) - -10*(-63)/(-420) is divided by 43?
42
Suppose 0 = 3*y + 5 - 2, -3*b = -5*y - 152. What is the remainder when 293 is divided by b?
48
What is the remainder when 42/30 - (-2632)/70 is divided by 6?
3
Suppose 0 = -5*c + 16 + 39. Calculate the remainder when (-8)/2*(-129)/12 is divided by c.
10
Let f(x) be the first derivative of -x**4/4 - 4*x**3/3 + 3*x**2/2 + 21*x + 13. Calculate the remainder when 184 is divided by f(-5).
29
Calculate the remainder when 2 + 91 + (5 - 1 - 1) is divided by 49.
47
Let p(j) = -j**2 + 23*j - 120. What is the remainder when 73 is divided by p(13)?
3
Suppose -6*a = 5*t - 107, -2*a + 5*a = -t + 34. Suppose 0 = -3*i + 2*z + 190, 308 = 5*i - 0*z + z. What is the remainder when i is divided by t?
10
Let n(m) = -m**2 + 12*m + 8. Suppose 5*q - 53 = -3. Let v be n(q). Suppose 1 = -2*k + 4*k - 3*h, -k - 4*h + v = 0. What is the remainder when k is divided by 3?
2
Let f(z) be the first derivative of -z**4/2 + z + 18. Suppose 4 - 1 = -3*w. Calculate the remainder when 11 is divided by f(w).
2
Suppose 0 = 4*s - 2*s - 6. Let i(b) = b**2 - 204*b - 404. Calculate the remainder when i(-2) is divided by s.
2
Let h(d) = -3*d**2 + 6*d + 10. Let i(f) = -1. Let c(k) = -h(k) - 5*i(k). Suppose 0 = 2*o - 0*o - 28. What is the remainder when c(5) is divided by o?
12
Suppose -4*y = 7*g - 2*g - 40, 0 = g - y - 17. Suppose -v + 2*v - g = 0. What is the remainder when v is divided by 21/(-12)*(18 - 22)?
5
Suppose -15 = -3*k, -4*y = y + 5*k - 60. Calculate the remainder when 58 is divided by y.
2
Let j = 63 - 38. Suppose 7*f = 2*f + 140. Suppose -f*k + 12 = -j*k. What is the remainder when k is divided by 2?
0
Let k be 1/2 - 1187/(-2). Suppose 5*w - k + 139 = 0. Let v(p) = -4*p - 13. Calculate the remainder when w is divided by v(-11).
29
Let k = -11 + 18. What is the remainder when k is divided by -9 - 1016/(-80) - (-3)/10?
3
Suppose -3*n = -3*z, 0 = -3*z + n - 4*n - 18. Suppose -g = 4*a - 0*g - 29, -a + 2*g = -5. Calculate the remainder when (-104)/(-10) + z/(-5) is divided by a.
4
Suppose 0 = -3*r - s - 54, 5*r - 4*s + 135 = 28. Let t = -5 - r. What is the remainder when 39 is divided by t?
11
Let a = 80 - 33. Let j(w) = -w**2 - w + 15. Let n be j(-6). Calculate the remainder when a is divided by (-171)/n + (-12)/(-20).
11
Suppose -5*p - 5 = 0, 2*v - p = -0*p + 15. Calculate the remainder when (-4 - -5) + 15 + 3 is divided by v.
5
Suppose 11 + 5 = s. Suppose 2*c - 8 = -2*a, -c - 5*a = -5*c + s. Suppose 156 = c*b - 3*w, 5*w + 166 = 4*b + 2. What is the remainder when b is divided by 13?
10
Let h = 398 + -358. Calculate the remainder when 73 is divided by h.
33
Suppose 13 + 27 = -4*g. Let l = g - -12. Suppose -l*u = -40 - 12. Calculate the remainder when u is divided by 14.
12
Suppose 5*s + 4*j = 6, -2*s + j = 2*s - 9. Suppose 11 = h - s*h. Calculate the remainder when (-9)/(-6)*(-1 - h) is divided by 8.
7
Suppose 5 = -5*l + 15, -l = -3*n + 199. Suppose -1 = 2*i + 3, 5*d - 5*i - 125 = 0. What is the remainder when n is divided by d?
21
Let o = -197 + 214. What is the remainder when 95 is divided by o?
10
Suppose y - 12 = 5. Calculate the remainder when 356 is divided by y.
16
Let p = 528 + -518. Calculate the remainder when 107 is divided by p.
7
Let z(x) = 12*x - 7*x**3 - 9*x**2 + 0*x**3 + 4 + 6*x**3 + 2*x**3. Let w be z(9). Suppose -3*k + 44 + w = 0. What is the remainder when k is divided by 18?
16
Suppose -104 = -5*w + 2*p, 0 = -2*w + 5*p - 0 + 50. Suppose -4*d + 2*d + 184 = 5*a, -5*a = -4*d - 172. Calculate the remainder when a is divided by w.
16
Let b(c) = 77*c - 521. What is the remainder when 32 is divided by b(7)?
14
Let l = -71 + 138. Let c be 602/6 - 2/(-3). Let b = c - l. What is the remainder when b is divided by 12?
10
Let y be (6/4)/((-3)/(-4)). Suppose -h + 4*q = -1 - y, -h + 43 = 4*q. What is the remainder when 86 is divided by h?
17
Suppose 87 = 3*p + 6. Suppose -3*z - 27 = -3*t, 9*z - 5*z = 2*t - 22. Calculate the remainder when p is divided by t.
6
Let m = 47 + -50. What is the remainder when 116 is divided by 2/6 + (-116)/m?
38
Calculate the remainder when 50 is divided by 2*11 + (0 - 16/4).
14
Let k(r) = -4 + 4 - 5 - 6*r + 6*r**2 - 2. Calculate the remainder when k(-2) is divided by 6.
5
Let l = -107 - -110. Let d(i) = 7*i**2 - i - 4. Let f be d(4). Suppose 26 - f = -l*s. What is the remainder when s is divided by 7?
5
Let q = -7 + 18. Let s = q + -9. Suppose 0 = -2*t + 30 + s. Calculate the remainder when 46 is divided by t.
14
What is the remainder when 1 + -4 - (-33)/(66/712) is divided by 51?
47
Let r = -762 + 825. Calculate the remainder when r is divided by 60.
3
Let i be (60/6)/2 - 218. Let q = 361 + i. Calculate the remainder when q is divided by 15.
13
Let o = 2 + -5. What is the remainder when (-17)/(0 + -1) + o is divided by 3?
2
Let o be 958/8 - -3 - 2/(-8). Suppose 0*l + 2*l + 2*b - 54 = 0, 5*l + 2*b - o = 0. Calculate the remainder when 88 is divided by l.
19
What is the remainder when 1420/6 + (14/(-21) - -1) is divided by 35?
27
Suppose o - 22 = -o. Let f = -51 - -102. Calculate the remainder when f is divided by o.
7
Let b(f) = 4*f**3 - 7 - 6*f**2 - 2*f**3 - 8*f**3 + 7*f**3 - 2*f. What is the remainder when 99 is divided by b(7)?
15
Let f be 5 - ((4 - 0) + -2). Suppose -3*o + 2*a = -f*a, -5*a - 10 = -5*o. Suppose -2*t = -o*t + 57. What is the remainder when 36 is divided by t?
17
Suppose 4*f = -5*f + 45. Suppose 5*k - 5 = 3*o + 2*o, 2*o - 6 = 0. What is the remainder when f is divided by k?
1
Suppose -r + 33 = g + g, -4*g - 16 = 0. Calculate the remainder when 285 is divided by r.
39
What is the remainder when 29 is divided by ((-12)/7 - -2)*(-70)/(-5)?
1
Suppose -22*h + 456 = -392 - 54. Calculate the remainder when h is divided by 12 - ((-2)/2 + 1).
5
Let c(w) = w**2 + 25*w + 124. Calculate the remainder when 107 is divided by c(-20).
11
Let n(a) = 74*a**3 + 2*a**2 - 1. Calculate the remainder when n(1) is divided by 50.
25
Calculate the remainder when 15 is divided by 8 - (32/1)/(-8).
3
Let s = 16 + -14. Suppose 28 + 114 = 4*l - s*k, 3*l = -5*k + 126. Let b = -3 + 13. What is the remainder when l is divided by b?
7
Let j be (6 + (-826)/8)/((-1)/4). Suppose -3*b - j = -4*r, -r - 2*b + 313 = 2*r. Calculate the remainder when r is divided by 17.
16
Let k = 1